et g be w(l). What is the highest common divisor of p and g?
1
Suppose -2*f = 4, 0 = -8*v + 7*v - 3*f - 2. What is the highest common factor of 4 and v?
4
Let z be 2/3 - 4/6. Suppose z = 5*y - 52 - 13. Let o = -324 - -467. What is the greatest common factor of o and y?
13
Suppose -j - 104 = -2*j. Calculate the greatest common divisor of 13 and j.
13
Suppose -1 + 193 = 4*m. What is the highest common factor of m and 12?
12
Let h = -19 + 79. What is the greatest common divisor of 48 and h?
12
Let o = 9 + -10. Let z be (o + (3 - 3))/(-1). Let t = 4 - z. Calculate the greatest common divisor of 6 and t.
3
Suppose -5*j = -3*j - 56. What is the highest common factor of 224 and j?
28
Let b(m) = 3*m**3 + 2*m**2 - 1. Let d be b(-1). Let k = d - -7. Suppose -k*c + 9 = -6. Calculate the highest common factor of c and 2.
1
Suppose 0 = -4*k + 12*k - 528. Calculate the greatest common divisor of k and 44.
22
Suppose s = -3*s + 5*o - 587, 3*o + 780 = -5*s. Let d be 3/(-4) + s/(-12). What is the greatest common divisor of d and 3?
3
Let y = -41 + 97. Calculate the greatest common factor of 84 and y.
28
Suppose -2*i + 5*u = -39, -u + 0*u = 4*i - 23. Let r = 13 - i. Let g(p) = 3*p**2 - p + 2. Let q be g(-4). What is the greatest common factor of q and r?
6
Let k be 18/4*(-132)/(-9). Let q = 13 + 9. What is the greatest common divisor of k and q?
22
Let x(w) = -w**3 + 11*w**2 + 2*w - 12. Let v be (-6)/9 + (-70)/(-6). Let i be x(v). Let a = 25 + -15. Calculate the highest common factor of a and i.
10
Suppose -2*p + 62 = 3*i, i - 3*p + 5*p - 22 = 0. Suppose 2*f + 0*f - i = 0. Calculate the highest common factor of f and 90.
10
Let g be 7 + 4 + -2 + 1. Suppose -7 = 4*n + 5*o, n = -0*n - 4*o - g. What is the greatest common divisor of n and 5?
1
Let u(p) = 7*p - 11. Let r be u(4). Calculate the greatest common factor of r and 170.
17
Let f(i) = -2*i**3 + 9*i**2 + 7*i + 2. Let b be f(5). Calculate the highest common factor of 48 and b.
12
Suppose 4*i = -5*p + 140, i - 4*p = 3*i - 76. Let j = i + -9. Calculate the highest common divisor of j and 14.
7
Suppose -3*u + 3*k - 3 = 3, -3*u - 2 = -2*k. Let b be u - (2 - (-3 - -3)). Suppose b = 6*g - g - 75. What is the highest common divisor of 45 and g?
15
Let i(y) = -y - 1. Let u(n) = n + 9. Let x(g) = 2*i(g) + u(g). Let q be x(-7). What is the greatest common factor of q and 126?
14
Let a be (-1)/(3/6) - -17. Suppose -6*s + 54 = 3*s. What is the greatest common divisor of s and a?
3
Suppose -8*r = -3*r - 40. Let m = -18 + 26. Let j be (m/(-6))/((-1)/3). Calculate the highest common divisor of j and r.
4
Let v be (-2)/7 + (-846)/(-21). Let w(q) = -q - 1. Let j be w(-9). Calculate the highest common divisor of j and v.
8
Suppose 4*c + 0*c = 8. Suppose -4*b - b = 0, h - c*b - 81 = 0. What is the greatest common divisor of h and 9?
9
Let d = 2 + 1. Let t be 2/(-7) + 1959/21. Suppose 0 = 5*l - t - 72. Calculate the highest common divisor of l and d.
3
Let t = -1 - -9. Let y be (-6)/t + 166/8. What is the greatest common factor of y and 160?
20
Suppose -5*z + 167 + 53 = 0. Suppose z = -0*a + 3*a - 4*n, a + n - 10 = 0. Let j be (1 - (-3 - -2))*3. Calculate the greatest common divisor of j and a.
6
Let w be (-2)/6 - 14/(-6). Let l be ((-4)/10)/((-2)/30). What is the highest common factor of l and w?
2
Suppose 10 = -2*j, -4*i = -5*i + 4*j + 75. Calculate the greatest common divisor of i and 11.
11
Let f = 55 - 39. Suppose -4 = 2*y + 2*m + 2, -m + 1 = 3*y. What is the highest common divisor of f and y?
2
Let f = -97 + 170. Suppose 0 = -3*p + f + 11. Suppose 2*t = b - 6, -4*t + 5*t - 15 = -4*b. What is the highest common divisor of p and b?
4
Suppose -15 - 5 = -4*g. Calculate the highest common factor of 40 and g.
5
Let u = 51 - 30. Calculate the highest common divisor of u and 14.
7
Suppose -119 = 5*w + 2*x + x, -x = 3*w + 73. Let s = w - -35. Suppose -2*t - 5*c + 195 = 0, -36 = -t - 4*c + 66. What is the highest common factor of s and t?
10
Let g be (-3 - (-3)/(-4))/((-6)/16). What is the greatest common divisor of g and 5?
5
Let y(l) = 1 - l**3 + 2*l - l**2 + 4*l - 3*l. Let r be y(-3). Let n = -6 - -7. What is the greatest common factor of r and n?
1
Let v(o) = -o. Let i be v(-3). Suppose 33 + i = 3*k. Let u be (((-6)/(-3))/(-4))/(1/(-120)). Calculate the highest common factor of k and u.
12
Suppose 2*i = -3*y + 6*y - 11, 0 = -i - 1. Suppose 2*v = -w + 22, 3*v + y*w - 15 = 6*w. What is the highest common factor of 36 and v?
9
Let o be (0 + -2)*(-1 - 1). Suppose -60 = 3*x - 156. Suppose -2*t = 2*t - x. Calculate the highest common factor of o and t.
4
Let j be (-12 + 2)/(30/(-36)). Calculate the highest common factor of 84 and j.
12
Let q be 150/(2/1*(-14)/(-28)). What is the greatest common divisor of q and 60?
30
Let g(o) = -2*o + 0*o**2 + 1 + o**2 + 5*o + 2. Let i be g(3). Let w be (-210)/(-12)*(-12)/(-15). Calculate the highest common divisor of i and w.
7
Suppose 6*j - 1 = 5*j. What is the greatest common factor of 2 and j?
1
Let r(f) = -f**3 - 6*f**2 - 7. Let c be r(-7). What is the greatest common divisor of c and 6?
6
Suppose 4*i + 2*t = 20, -4*i - i + 3*t + 36 = 0. Suppose 5*k + z - 210 = 0, -5*z = -10*z. What is the greatest common factor of k and i?
6
Let a = 31 - -11. Calculate the highest common divisor of 6 and a.
6
Let z be 4/(-2) - (-40)/(-2). Let a be (4 + 0)*z/(-8). Suppose -3*q = -u - a, -4*u = -q - 9*u + 25. What is the highest common factor of 15 and q?
5
Let t = 314 - 201. Suppose -29 = 4*n - t. Calculate the highest common divisor of n and 14.
7
Let l = -49 - -115. Calculate the greatest common factor of l and 6.
6
Let y = 34 + -25. What is the highest common factor of 45 and y?
9
Suppose 5*y + 3 = 18. Suppose 2*n - 2*d - 60 = -y*n, n - 5*d - 35 = 0. Calculate the greatest common factor of n and 110.
10
Suppose 3*y + 2*y - 30 = -3*f, -5*f + 3*y + 50 = 0. Calculate the highest common factor of f and 110.
10
Suppose 5*r + 10 = 30. Let h = r - -15. What is the highest common factor of 95 and h?
19
Let f be (-2 + 0)*-1 - -13. Let g = f - 11. Suppose -9 = 3*l, 0*l - g = w + 4*l. Calculate the greatest common divisor of 16 and w.
8
Let t(y) = 3*y**3 - 2*y**2 - 2*y + 2. Let s be t(2). Suppose -2*i - 2 = -s. What is the greatest common factor of 2 and i?
2
Let x be 238/4 + (-6)/(-12). Calculate the highest common factor of x and 90.
30
Suppose 8*q - 4 = 4*q. Suppose -5*f + l + 246 = 0, 0 = -2*l - q + 9. Let y(m) = m**2 - m. Let x be y(5). What is the greatest common factor of x and f?
10
Let d(a) = 0 - 38*a**3 + a + 0 + 20*a**3. Let p be d(-1). What is the highest common divisor of p and 17?
17
Suppose -3*g - 2*g + 40 = 0. Suppose -f - f - 120 = -2*p, 3*f = -3*p + 204. What is the highest common divisor of p and g?
8
Let h(j) = -j**3 + 7*j**2 + 5. Let t be h(6). What is the highest common divisor of t and 287?
41
Let s = -95 - -281. Suppose -s + 26 = -4*a. Calculate the greatest common factor of a and 16.
8
Let f = -15 - -31. Calculate the highest common factor of 4 and f.
4
Suppose -m + 8 = m. Suppose 2*l + 2 = -5*f, -4*l + m*f = l - 28. Suppose l*t - 14 - 42 = 0. Calculate the greatest common divisor of t and 2.
2
Suppose -5*t + q = 5, -3*t + 0*t + 3*q = 15. Let v = -39 - -105. Suppose a - 4*a + 9 = t, 2*a - v = -2*r. Calculate the highest common divisor of 20 and r.
10
Suppose -k + 25 = 5. Suppose 5*b + 0*o - 60 = 4*o, -4*o = 5*b - k. Let p = 25 - 5. Calculate the greatest common factor of b and p.
4
Suppose 0 = -13*z + 8*z + 135. Calculate the greatest common divisor of z and 3.
3
Let c = -8 - -2. Let l be 1/(-3) + (-74)/c. What is the greatest common divisor of l and 48?
12
Let q be -1 - (2 - 2)/(-3). Let f = q - -3. Suppose 0 = -2*b - 2*w + 210, f*w + 199 = 5*b - 347. What is the highest common factor of 12 and b?
12
Let x be 2 + 0/1 + -1. Let h be 2*(x/2 + 1). Let u be (-334)/(-22) - -21*(-4)/462. Calculate the highest common divisor of u and h.
3
Suppose -3*f + 135 = -0*f. Suppose 0 = -6*b + 20 + 34. What is the highest common divisor of f and b?
9
Suppose 3*t + 5*k = 20, -k = 4*t - 31 - 7. Suppose -4*l = -43 + 3. What is the greatest common factor of t and l?
10
Suppose -3*n = 2*o - 2, -4*n = 1 + 7. Suppose 8*p = o*p + 36. Calculate the highest common factor of p and 99.
9
Suppose -16*k = -9*k - 805. C